) = 7257*b - 87105. Determine y(12).
-21
Let v(x) = -2*x**2 + 8179*x + 90213. Calculate v(-11).
2
Let d(r) = -18*r - 2243. Calculate d(-125).
7
Let l(o) = o**3 + 5*o**2 - 19137*o - 152915. Give l(-8).
-11
Let p(y) = -238*y + 12371. What is p(53)?
-243
Let x(m) = 33*m**2 + 90*m - 1353. Determine x(11).
3630
Let a(b) = b**3 - 148*b + 295. What is a(2)?
7
Let w(n) = 55*n**2 - 551*n - 10. Determine w(10).
-20
Let b(o) = o**3 + 81*o**2 - 1291*o - 317. Calculate b(14).
229
Let t(g) = -96*g**2 - 917*g + 3656. Give t(4).
-1548
Let o(t) = -74*t**3 - 1109*t**2 + 6*t - 92. Give o(-15).
43
Let m(g) = -49*g**2 + 653*g - 1267. Determine m(11).
-13
Let v(o) = -248948*o + 1493684. Give v(6).
-4
Let y(q) = -q**3 - 35*q**2 + 563*q + 83. Give y(12).
71
Let i(n) = -833520*n. Give i(0).
0
Let d(n) = n**2 - 142*n + 4926. What is d(72)?
-114
Let w(r) = -2*r**3 + 12*r**2 + 281*r + 36. What is w(-9)?
-63
Let m(j) = -58*j + 14757. What is m(249)?
315
Let i(w) = 4*w**2 + 366*w - 80688. Calculate i(103).
-554
Let u(t) = -5773*t - 103933. Calculate u(-18).
-19
Let f(i) = 25*i**2 + 3652*i - 7162. Determine f(-148).
-58
Let j(f) = 592*f + 14909. Give j(-25).
109
Let u(h) = 329*h**2 - 1151*h + 954. Give u(2).
-32
Let x(n) = 1111*n + 63018. Determine x(-57).
-309
Let v(t) = -8278*t - 91118. What is v(-11)?
-60
Let c(d) = 90*d**2 - 1740*d - 25226. Give c(29).
4
Let f(o) = -1141*o - 2330. Calculate f(-2).
-48
Let u(a) = 36*a**2 + 2366*a - 87038. Calculate u(-92).
-6
Let w(c) = 47*c**2 - 465*c + 2700. What is w(6)?
1602
Let b(z) = -1813*z - 155911. Calculate b(-86).
7
Let f(t) = 32630*t + 195524. Give f(-6).
-256
Let y(p) = 1694963*p - 6779863. What is y(4)?
-11
Let d(a) = 3528*a + 271701. Give d(-77).
45
Let a(v) = 5*v**3 - 129*v**2 + 76*v - 2684. Determine a(26).
-32
Let p(o) = -18561*o - 575388. Give p(-31).
3
Let t(i) = 7773*i + 761753. Give t(-98).
-1
Let c(i) = -4*i**3 - 111*i**2 + 973*i - 56. Calculate c(7).
-56
Let i(j) = 115*j**2 - 185*j + 733. Calculate i(4).
1833
Let g(a) = -11*a**2 + 6177*a - 3220. Give g(561).
146
Let k(a) = 2*a**2 - 5*a - 188866. Determine k(-306).
-64
Let m(k) = 2*k**2 + 7790*k + 15571. Determine m(-2).
-1
Let n(s) = -113*s**2 - 8013*s - 8013. Determine n(-1).
-113
Let b(o) = -o**2 + 36*o - 72. What is b(38)?
-148
Let o(y) = y**3 + 146*y**2 - 6*y + 20879. Calculate o(-147).
152
Let p(k) = -13*k**2 + 169*k - 86. Give p(13).
-86
Let r(c) = 42*c**2 + 2436*c - 413. What is r(-59)?
2065
Let x(l) = 19841*l - 5019814. Give x(253).
-41
Let r(y) = -13*y**3 - 3639*y**2 + 7602*y - 3380. Calculate r(-282).
4
Let h(k) = -2*k**3 + 97*k**2 - 703*k - 164. Give h(40).
-1084
Let t(u) = -u**2 + 133*u - 4492. What is t(50)?
-342
Let h(r) = -842*r + 74900. What is h(89)?
-38
Let p(a) = 1647*a + 107031. What is p(-65)?
-24
Let l(p) = 6*p**2 - 765*p - 18198. Calculate l(148).
6
Let p(y) = -y**3 + 32*y**2 - 13*y + 425. Determine p(32).
9
Let d(o) = -o**3 + 87*o**2 + 348*o - 4701. Give d(90).
2319
Let i(w) = 7*w**2 - 296*w + 4543. Calculate i(17).
1534
Let l(t) = 6645*t - 105551. Determine l(16).
769
Let d(s) = -s**3 + 42*s**2 - 484*s - 711. Determine d(20).
-1591
Let v(k) = 5*k**2 + 60*k - 1351. Determine v(-27).
674
Let t(p) = -6*p**3 - 3*p**2 - 82*p + 1047. Calculate t(9).
-4308
Let a(y) = y**2 - 117*y - 1073. Calculate a(-9).
61
Let s(k) = -2*k**2 - 656*k - 52943. Calculate s(-141).
-209
Let d(x) = x**3 + 54*x**2 + 455*x - 793. Give d(-43).
-19
Let r(y) = -959*y - 361553. Calculate r(-377).
-10
Let x(w) = -290*w + 35473. Determine x(123).
-197
Let z(g) = -74*g**2 - 4170*g - 1502. Calculate z(-56).
-46
Let b(x) = x**3 - 63*x**2 - 446*x + 24382. Determine b(64).
-66
Let n(x) = -41360*x + 1613047. Give n(39).
7
Let c(o) = 722*o + 2654. What is c(-4)?
-234
Let o(p) = -621*p - 52780. Calculate o(-85).
5
Let z(n) = -3*n**3 - 117*n**2 + 12*n + 753. Determine z(-39).
285
Let v(p) = -48*p**2 + 203*p + 415. Give v(-2).
-183
Let p(b) = 15*b**2 - 139*b - 78. Calculate p(10).
32
Let c(a) = -a**3 - 278*a**2 + 797*a - 12917. Give c(-281).
9
Let y(v) = -3*v**3 + 89*v**2 - 195*v + 48. Determine y(27).
615
Let x(b) = 24*b**3 + 525*b**2 - 75*b - 160. What is x(-22)?
38
Let k(s) = -7*s**2 + 1387*s - 21876. Calculate k(17).
-320
Let k(j) = 26174*j - 52331. Calculate k(2).
17
Let t(s) = -s**3 + 287*s**2 - 517*s - 13604. What is t(285)?
1501
Let d(t) = 12973*t**2 - 12989*t + 12. What is d(1)?
-4
Let w(n) = -2*n**2 + 103*n - 556. Determine w(38).
470
Let f(b) = 204*b**2 + 100*b + 84. Give f(-1).
188
Let o(p) = -25376*p - 76119. Calculate o(-3).
9
Let c(l) = -l**3 + 74*l**2 - 748*l + 268. Calculate c(62).
20
Let l(k) = -144*k - 15. Determine l(-4).
561
Let j(t) = -22682*t - 839226. Give j(-37).
8
Let c(t) = -14*t**3 + 1765*t**2 - 140*t + 1746. Calculate c(126).
-18
Let d(z) = 4*z**2 - 4972*z + 297348. Calculate d(1180).
-12
Let q(j) = -5472*j + 2456993. Give q(449).
65
Let p(s) = -13051*s + 52146. What is p(4)?
-58
Let h(j) = -34676*j - 104037. Calculate h(-3).
-9
Let b(d) = -803*d + 9628. Calculate b(12).
-8
Let w(u) = -32*u**2 - 551*u + 2431. Calculate w(4).
-285
Let z(h) = -4754*h + 5148. Calculate z(1).
394
Let u(c) = -580326*c - 3481938. What is u(-6)?
18
Let x(q) = q**3 - 240*q**2 - 24032*q - 1218. Give x(-76).
-2
Let r(v) = v**3 + 25*v**2 - 477*v - 7589. Determine r(-12).
7
Let b(w) = -6*w**2 - 617*w + 938. What is b(-106)?
-1076
Let f(s) = s**3 - 185*s**2 - 9*s + 986. What is f(0)?
986
Let b(n) = n**3 + 7*n**2 - 627*n - 5973. Give b(-10).
-3
Let g(l) = -2*l**3 + 31*l**2 - 35404*l + 566723. Give g(16).
3
Let x(i) = -210*i - 14608. What is x(-71)?
302
Let z(r) = -159*r**2 + 1339*r - 11. Give z(8).
525
Let r(a) = a**3 - 1530*a**2 - 6148*a - 59. Calculate r(-4).
-11
Let k(g) = 11983*g - 682982. Calculate k(57).
49
Let u(i) = 326*i + 265. Determine u(-1).
-61
Let s(y) = 2879*y + 83510. What is s(-29)?
19
Let p(d) = 19829*d**2 - 1764780*d - 73. What is p(89)?
16
Let a(y) = -5112*y**2 + 71568*y - 19. Determine a(14).
-19
Let a(w) = -w**3 - 116*w**2 - 835*w - 792. Give a(-108).
-3924
Let v(d) = 882*d - 45980. Give v(52).
-116
Let w(b) = -101306*b - 810357. Calculate w(-8).
91
Let h(f) = 53984*f + 1295576. What is h(-24)?
-40
Let g(s) = -1948*s + 31171. Calculate g(16).
3
Let i(m) = -m**3 - 252*m**2 + 1036*m - 60. Calculate i(4).
-12
Let c(q) = -2*q**2 - 104222*q + 104223. What is c(1)?
-1
Let d(n) = 13*n**3 - 21*n**2 + 89*n + 4. Give d(4).
856
Let q(b) = -2482*b**2 - 109194*b + 636. Calculate q(-44).
20
Let r(t) = -112996*t + 2146919. Determine r(19).
-5
Let f(y) = 4*y**3 - 7*y**2 - 790*y + 2359. Determine f(3).
34
Let y(w) = -3765*w + 293664. Determine y(78).
-6
Let m(i) = -1500*i + 20941. What is m(15)?
-1559
Let c(r) = 1228*r**3 + 5*r**2 - 139*r - 145. Calculate c(-1).
-1229
Let c(s) = 31699*s + 95213. Calculate c(-3).
116
Let s(q) = q**2 - 1737*q - 45835. Calculate s(-26).
3
Let m(q) = -278*q + 3074. What is m(12)?
-262
Let x(d) = 431*d + 6678. Determine x(-16).
-218
Let r(w) = w**3 + 11*w**2 - 16*w + 547. Calculate r(-15).
-113
Let u(r) = r**2 - 6266*r + 292287. Calculate u(47).
-6
Let j(q) = -199*q - 1228. Determine j(-5).
-233
Let p(w) = -67023*w - 4088405. What is p(-61)?
-2
Let k(f) = 712*f - 13540. Calculate k(19).
-12
Let a(g) = -1342*g - 2441. Calculate a(-2).
243
Let c(x) = -x**2 + 256*x - 10878. Calculate c(202).
30
Let i(g) = -21272*g + 574284. Give i(27).
-60
Let s(d) = d**3 + 28*d**2 + 99*d + 3744. Calculate s(-29).
32
Let h(y) = 4*y**2 + 816*y - 92313. Calculate h(-285).
27
Let j(f) = -9391*f + 244276. Give j(26).
110
Let x(w) = 19*w**2 + 1917*w - 89. Calculate x(-101).
113
Let c(d) = 57119*d - 285572. Give c(5).
23
Let c(l) = -12*l**3 - 12*l - 111. What is c(0)?
-111
Let g(w) = -14225*w**2 + 14244*w + 1. Determine g(1).
20
Let l(o) = 37*o**2 + 2688*o + 47777. Determine l(-31).
6
Let n(q) = -q**3 - 28*q**2 + 1776*q + 31477. Calculate n(-16).
-11
Let x(c) = c**3 + 28*c**2 - 284*c + 3497. Give x(-38).
-151
Let p(i) = i**3 - 31*i**2 + 1457*i - 42883. Determine p(30).
-73
Let s(g) = -35*g**2 - 933*g + 11223. Determine s(9).
-9
Let m(h) = 15*h**2 - 3204*h + 5104. What is m(212)?
16
Let v(i) = -2*i**3 + 15*i**2 + 52*i - 84. Determine v(10).
-64
Let g(v) = -4022*v + 3495145. What is g(869)?
27
Let j(b) = -b**2 - 297*b + 3401. Calculate j(11).
13
Let m(v) = v**2 - 193*v + 427. 